
2334
Calculate the remainder when 5167269 is divided by 8189.
10
What is the remainder when 12376888 is divided by 3304?
104
Calculate the remainder when 224704 is divided by 20422.
62
What is the remainder when 5778269 is divided by 156?
29
Calculate the remainder when 115958884 is divided by 474.
472
What is the remainder when 2135752 is divided by 2061?
556
Calculate the remainder when 55283 is divided by 11008.
243
What is the remainder when 4092718 is divided by 102?
70
What is the remainder when 3412297 is divided by 1167?
1156
What is the remainder when 37897774 is divided by 21?
19
Calculate the remainder when 42416 is divided by 13858.
842
What is the remainder when 250484184 is divided by 31?
30
Calculate the remainder when 7330655 is divided by 4262.
15
What is the remainder when 14902942 is divided by 134?
132
Calculate the remainder when 23451610 is divided by 2931450.
10
What is the remainder when 4639987 is divided by 1545982?
2041
Calculate the remainder when 10934434 is divided by 187.
170
Calculate the remainder when 99583 is divided by 32464.
2191
What is the remainder when 12479 is divided by 66?
5
What is the remainder when 108509 is divided by 401?
239
Calculate the remainder when 37118 is divided by 6185.
8
What is the remainder when 4939558 is divided by 361?
356
What is the remainder when 157064859 is divided by 529?
527
What is the remainder when 30722149 is divided by 8584?
13
Calculate the remainder when 33854919 is divided by 57.
54
What is the remainder when 22659390 is divided by 97?
93
Calculate the remainder when 66568 is divided by 1593.
1255
What is the remainder when 2238870 is divided by 790?
10
What is the remainder when 147010 is divided by 263?
256
What is the remainder when 131676 is divided by 969?
861
What is the remainder when 22245408 is divided by 1038?
30
Calculate the remainder when 91883 is divided by 247.
246
Calculate the remainder when 2194147 is divided by 677.
667
What is the remainder when 89625 is divided by 1147?
159
Calculate the remainder when 31501944 is divided by 715953.
12
Calculate the remainder when 207063 is divided by 11532.
11019
What is the remainder when 40126147 is divided by 2252?
11
What is the remainder when 77167 is divided by 9552?
751
Calculate the remainder when 937701 is divided by 794.
781
Calculate the remainder when 18557288 is divided by 40.
8
What is the remainder when 33255 is divided by 32876?
379
Calculate the remainder when 6599734 is divided by 275.
9
What is the remainder when 5665752 is divided by 4299?
3969
What is the remainder when 47615126 is divided by 1143?
32
What is the remainder when 60289022 is divided by 829?
826
What is the remainder when 389876 is divided by 2855?
1596
Calculate the remainder when 74111140 is divided by 26.
12
Calculate the remainder when 474225 is divided by 1920.
1905
What is the remainder when 3614728 is divided by 70?
68
What is the remainder when 3536186 is divided by 2758?
430
What is the remainder when 68503 is divided by 577?
417
What is the remainder when 29634 is divided by 3470?
1874
Calculate the remainder when 943195 is divided by 471586.
23
Calculate the remainder when 99490 is divided by 1051.
696
What is the remainder when 22613848 is divided by 2036?
2032
Calculate the remainder when 163432780 is divided by 47.
9
What is the remainder when 320175 is divided by 65?
50
Calculate the remainder when 278279 is divided by 277918.
361
What is the remainder when 2289075 is divided by 763023?
6
What is the remainder when 48822 is divided by 1669?
421
Calculate the remainder when 33004695 is divided by 50.
45
What is the remainder when 74216752 is divided by 28?
8
Calculate the remainder when 3202423 is divided by 199.
115
What is the remainder when 16507677 is divided by 254?
217
What is the remainder when 291016 is divided by 1682?
30
What is the remainder when 2590577 is divided by 5477?
5433
What is the remainder when 305252361 is divided by 148?
141
What is the remainder when 5568133 is divided by 421?
408
Calculate the remainder when 33203 is divided by 3698.
3619
Calculate the remainder when 1735013 is divided by 5210.
83
What is the remainder when 150522 is divided by 149912?
610
Calculate the remainder when 417585 is divided by 207490.
2605
What is the remainder when 43905 is divided by 21683?
539
What is the remainder when 7668207 is divided by 2556064?
15
What is the remainder when 26248986 is divided by 80272?
42
What is the remainder when 1728977911 is divided by 1107?
1105
Calculate the remainder when 284055 is divided by 142018.
19
Calculate the remainder when 7830675 is divided by 1957633.
143
What is the remainder when 8471650 is divided by 4540?
10
Calculate the remainder when 1737921 is divided by 3828.
9
What is the remainder when 4768093 is divided by 288?
253
Calculate the remainder when 78662587 is divided by 8740284.
31
What is the remainder when 4632620 is divided by 413?
412
What is the remainder when 284695 is divided by 477?
403
Calculate the remainder when 976062 is divided by 22699.
5
What is the remainder when 177028 is divided by 56390?
7858
What is the remainder when 18974 is divided by 301?
11
What is the remainder when 609038 is divided by 9664?
206
What is the remainder when 4177284 is divided by 130?
124
What is the remainder when 1076743 is divided by 214797?
2758
Calculate the remainder when 138112 is divided by 68966.
180
What is the remainder when 575447298 is divided by 10197?
10194
Calculate the remainder when 2078572 is divided by 519618.
100
What is the remainder when 491377 is divided by 962?
757
Calculate the remainder when 59854 is divided by 135.
49
Calculate the remainder when 402632 is divided by 201241.
150
What is the remainder when 14225610 is divided by 308?
14
Calculate the remainder when 3155038 is divided by 18.
16
Calculate the remainder when 70689 is divided by 7432.
3801
What is the remainder when 351681 is divided by 250?
181
What is the remainder when 54919119 is divided by 12?
3
What is the remainder when 46397687 is divided by 594842?
11
What is the remainder when 1278491 is divided by 4917?
71
Calculate the remainder when 303612778 is divided by 285.
283
What is the remainder when 48817 is divided by 12200?
17
What is the remainder when 55028 is divided by 3912?
260
What is the remainder when 267620 is divided by 33?
23
Calculate the remainder when 103327321 is divided by 17.
12
What is the remainder when 381007 is divided by 27134?
1131
What is the remainder when 3462743 is divided by 3772?
47
What is the remainder when 840851 is divided by 65?
11
What is the remainder when 2316058 is divided by 4726?
318
What is the remainder when 63566775 is divided by 136?
103
Calculate the remainder when 769749 is divided by 327.
318
What is the remainder when 195027 is divided by 2143?
14
What is the remainder when 235811296 is divided by 14729?
6
Calculate the remainder when 224836 is divided by 37469.
22
What is the remainder when 408236 is divided by 204117?
2
Calculate the remainder when 109492 is divided by 711.
709
Calculate the remainder when 28487968 is divided by 2022.
10
What is the remainder when 150240 is divided by 446?
384
Calculate the remainder when 43492 is divided by 2191.
1863
Calculate the remainder when 845988 is divided by 105742.
52
Calculate the remainder when 23498539 is divided by 308.
295
What is the remainder when 4922945 is divided by 300?
245
Calculate the remainder when 14162 is divided by 11411.
2751
What is the remainder when 4529649 is divided by 905903?
134
Calculate the remainder when 653232 is divided by 24192.
48
Calculate the remainder when 108153362 is divided by 36051116.
14
What is the remainder when 936022 is divided by 2099?
1967
Calculate the remainder when 1412324 is divided by 1175.
1149
What is the remainder when 163530342 is divided by 24?
6
Calculate the remainder when 1724473 is divided by 798.
793
What is the remainder when 673460 is divided by 6294?
2
Calculate the remainder when 6352061 is divided by 27.
14
What is the remainder when 291876 is divided by 141339?
9198
Calculate the remainder when 1035689 is divided by 1035597.
92
What is the remainder when 89260 is divided by 251?
155
What is the remainder